e z(-14). Let q(g) = -2*g**2 - g + 1. Let a be q(-2). Let m be y/a - (-726)/30. What is the greatest common divisor of 6 and m?
6
Let q be (493922/(-351))/(-11) + 2/27. What is the greatest common factor of 184 and q?
8
Let g = -95 + 139. What is the highest common divisor of g and 11?
11
Let i = -243 + 333. What is the greatest common factor of i and 30?
30
Let q be 2/(-6)*3 + 51/(-1). Let p be (-2)/(8/q) + 0. What is the highest common factor of 1 and p?
1
Suppose 0 = 2*a, -2*i + 3*a + 175 = -65. Suppose -3*l - 1 = -46. What is the highest common divisor of l and i?
15
Suppose -3*y - 5*o + 70 = 0, 0 = 37*y - 35*y + 2*o - 44. Calculate the highest common divisor of 320 and y.
20
Suppose 24*q = 36*q - 24. Suppose -w - q*w = g - 50, w = 2*g - 114. What is the highest common divisor of g and 42?
14
Suppose -12*a + w = -9*a - 1075, 1805 = 5*a - 5*w. Calculate the greatest common divisor of 51 and a.
51
Let z(b) = 2*b**2 + 27*b + 31. Let l be z(-19). Let t = -110 + l. Calculate the highest common divisor of t and 52.
26
Suppose 0 = -22*i + 10*i + 156. Calculate the highest common factor of i and 832.
13
Let i be (-1)/(3*(-2)/(-1794)). Let q = i + 431. Suppose 1 = a, -2*h = 5*a - a - q. Calculate the highest common factor of h and 8.
8
Let i(u) = -u**3 + 46*u**2 + 64*u + 150. Let v be i(47). Calculate the highest common divisor of 13 and v.
13
Suppose 0 = 4*u - 3*f - 180, -207 = -4*u + 5*f - 19. Suppose -c + 69 = 5*h, 3*h - u - 25 = -c. Let z = -42 + c. What is the highest common factor of 55 and z?
11
Let u = -102 - -187. Suppose -4*b = -45 - 23. Calculate the highest common divisor of u and b.
17
Suppose 2*x = -0*x - 4, 0 = -2*n + x. Let c(m) = -m**2 - 4*m + 3. Let i be c(-3). Let u be (10/i)/(n/(-33)). Calculate the highest common divisor of 5 and u.
5
Let z = -548 - -916. What is the highest common divisor of z and 46?
46
Suppose -380 = -2*a - 0*a. Suppose -z + 36*i = 32*i - 10, 0 = -3*z - i + 30. What is the greatest common factor of a and z?
10
Let y = 51 + -48. Suppose -s - j = -4, y*j + 2 - 8 = 0. What is the highest common divisor of 6 and s?
2
Let n(y) = 2*y**2 + 10*y - 60. Let l be n(-9). Calculate the highest common divisor of l and 148.
4
Let t = -294 - -323. Suppose -5*o + 1293 = 278. Calculate the greatest common divisor of t and o.
29
Let o = 1 + -16. Let h be (-10)/(-2)*30/25. Let c be (18/o)/(h/(-75)). What is the highest common factor of 75 and c?
15
Let i(k) = -6*k**3 - k**2 + 3*k + 13. Let q be i(-2). What is the highest common divisor of 3 and q?
3
Suppose -30*k + 608 = -22*k. What is the highest common divisor of 114 and k?
38
Suppose -z - 84 = -5*h + h, 8 = -2*z. Let r be 30*(-15)/((-180)/8). Calculate the highest common divisor of r and h.
20
Let x = 11 - 5. What is the greatest common divisor of 57 and x?
3
Let m be -4 - -3*30/9. What is the greatest common factor of m and 66?
6
Let s(k) = -13*k + 2. Let f be s(2). Let m be (f/1)/(3/(-4)). Suppose -4*p + 8*p + 5*t = 261, -255 = -4*p + t. Calculate the greatest common factor of m and p.
32
Let o(z) = z**3 + 8*z**2 + 7*z + 5. Let b be o(-6). Suppose p + 36 = 3*j, -p + b = 3*j - 7. Calculate the highest common factor of 143 and j.
13
Let r(f) = -f**2 + 84*f - 11. Let p be r(7). What is the greatest common divisor of p and 33?
33
Suppose 5*s - s + 1080 = 4*m, -m + 266 = -3*s. What is the greatest common divisor of m and 16?
16
Let r(w) = -18*w**3 + 4*w + 4. Let x be r(-1). What is the greatest common divisor of 12 and x?
6
Let z be 3*3 - (47 - 42). Let k be (-4)/(-18) + (-286)/(-9). Calculate the highest common factor of z and k.
4
Let o = -40 - -50. Calculate the greatest common factor of 85 and o.
5
Let u be (-8 + -19)*(-3)/(-3)*-1. Let c = 4 - 1. What is the greatest common divisor of u and c?
3
Let g(m) = -58*m - 67. Let f be g(-4). Calculate the greatest common factor of f and 561.
33
Let w = -21 + 31. Let s(x) = w*x - 6 + 4 + 28*x. Let l be s(3). What is the highest common factor of 28 and l?
28
Suppose -84 - 1 = -5*s. Let d = 23 - s. Calculate the greatest common divisor of 30 and d.
6
Let t be ((-210)/25)/(6/(-15)). Let h = t - 4. Let y = -54 + 207. Calculate the greatest common divisor of h and y.
17
Let x be ((0 - -2) + -2)/(-3). Suppose -3*g = -x*g. Suppose g*a + 2*a - b - 58 = 0, 4*a = 4*b + 112. What is the highest common factor of 45 and a?
15
Let k = 27 - 16. Suppose 3*d + k = -3*a - d, -d = a + 2. Suppose -a*u + 3*l = -6, 2*u = u - 5*l + 32. Calculate the greatest common factor of u and 7.
7
Let a(f) = -f**2 - 12*f. Let r be a(-3). What is the greatest common factor of 513 and r?
27
Let o be 3*((-24)/9)/(-2). Let b be o/(-8) + (-63)/(-6). What is the greatest common divisor of 4 and b?
2
Suppose 0 = 3*f - 8*f + 65. Let x = -64 + 62. Let p be (-1 + 286 + 1)/((-4)/x). Calculate the highest common divisor of f and p.
13
Let o = 976 - 782. What is the greatest common factor of o and 1261?
97
Let c(h) = h**3 + h - 52. Let s be c(0). Suppose 0 = -5*m + 58 + 102. Let r = m - s. Calculate the highest common factor of r and 12.
12
Suppose 5*s + 4*g - 57 = 4*s, -2*g = 2*s - 84. What is the highest common factor of 1517 and s?
37
Let l be 3624/40 + 6/(-10). Let o(i) = -i**3 - 10*i**2 - 2*i - 15. Let q be o(-10). Calculate the greatest common divisor of q and l.
5
Suppose 3 = -4*i + 5*x, 0*i = 3*i + 4*x - 21. Let c = 405 + -378. What is the greatest common factor of c and i?
3
Suppose 0 = -3*x + 8*x - 65. Suppose n = 47 - x. Calculate the highest common factor of n and 272.
34
Let p be (1 + (-334)/(-10))*5250/84. Calculate the highest common divisor of 86 and p.
86
Let a(j) be the first derivative of -j**4/4 - j**3 - 5*j**2/2 + 4*j + 8. Let k be a(-4). Calculate the highest common divisor of k and 10.
10
Suppose 5*b + 0*p = -3*p + 512, 2*b + 5*p - 220 = 0. Let d = 110 - b. Calculate the highest common factor of 25 and d.
5
Let q be (-1)/(-5) + 18/30*3. Let z be 213/6 - (-1)/q. What is the greatest common factor of z and 90?
18
Let r = 618 - 548. Calculate the highest common divisor of 20 and r.
10
Let o(v) = -v**3 - 3*v**2 + 8*v + 11. Suppose -19*u + 20*u = -5. Let l be o(u). Calculate the greatest common factor of 189 and l.
21
Suppose 2*h + h + 796 = 5*w, -2*h + 6 = 0. Let a(v) = -v**2 + 11*v - 1. Suppose -4*g + 32 = -0*g. Let y be a(g). What is the greatest common factor of y and w?
23
Let o = 92 - -42. Suppose -4*n = -o - 46. Suppose -2*d = d - 90. Calculate the highest common divisor of d and n.
15
Let z(c) = -c**3 + 2*c - 5. Let d be z(-5). Suppose 4*y + 13 = -15. Let i(u) = u**2 + 4*u + 1. Let k be i(y). Calculate the greatest common factor of k and d.
22
Let i(l) = -l**3 - 3*l**2 - 2. Let q be i(-4). Let n(z) = 85*z - 220. Let d be n(3). What is the greatest common factor of d and q?
7
Suppose -3*z + 40 = 5*n, 5*n + z = -0 + 30. Suppose -1 = n*c + 14. Let f be c/9 - 31/(-3). What is the highest common factor of 4 and f?
2
Let b be 1/(-4) - (-3)/12*5. Let r be (1*-44)/((0 - b)*1). Calculate the highest common divisor of 66 and r.
22
Let v(k) = -k - 3. Let h be v(-3). Let a = h - -14. Let r be (19 - (-4554)/(-242)) + 306/11. Calculate the greatest common divisor of a and r.
14
Suppose 17 = 15*h - 193. What is the highest common factor of 266 and h?
14
Let g(t) be the second derivative of -4*t**3 + 17*t**2/2 + 2*t + 6. Let p be g(-2). Calculate the greatest common divisor of 26 and p.
13
Suppose 0 = 3*p + 2*u - 16, 6*u - 4*u = -2. Suppose -d + 2*w + 22 = p*w, d + 8 = 2*w. Suppose d*y - 22 = -8. Calculate the highest common factor of y and 77.
7
Let q = -50 + 68. Suppose -2*i = -5*j - q, j - 9 = -i - 0. What is the greatest common divisor of 99 and i?
9
Suppose 53 - 20 = 3*v. Calculate the greatest common divisor of v and 143.
11
Suppose -3*m - 869 = -5*x, -85 = -x - 2*m + 94. Calculate the greatest common factor of 50 and x.
25
Suppose 3*n + 10*t - 13*t = 912, 1565 = 5*n + 4*t. What is the greatest common factor of n and 1133?
103
Let d be (-3 + 1)/((-30)/(-855)). Let t be (d + 3)*(-3)/9. Calculate the greatest common divisor of 2 and t.
2
Suppose -i + 3 = -5. Suppose x = -x + i. Suppose 223 = 5*q + 3*m, 3*q + m + x*m = 137. Calculate the highest common divisor of 66 and q.
22
Let z(q) = 2 - 10*q - 4 - 4*q**2 + 6 + 3*q**2. Let a be z(-10). Let g = -21 + 33. What 